-5). Let k = 7 + m. Let g = -3 - k. What is the tens digit of g?
1
Suppose 9 = 3*l - 15. Let o = -6 + l. Suppose -5 = -o*c - 1. What is the units digit of c?
2
Let d(x) = x + 6*x - 5 - x**3 + 4*x**2 + 0. Let p(f) = f**3 - 5*f**2 + 9*f - 4. Let l be p(3). What is the units digit of d(l)?
5
Let s(l) be the third derivative of l**5/60 + l**4/4 + 2*l**3/3 - l**2. Let x(r) = r**3 + 4*r**2 + 2*r + 2. Let a be x(-4). What is the units digit of s(a)?
4
Let j = 13 - 41. What is the units digit of 18*(j/(-8) - 3)?
9
Suppose 2 = 4*v - 6. Suppose -3 + 7 = v*g. What is the units digit of g?
2
Suppose -4*y + 246 + 54 = 0. What is the units digit of y?
5
Let o(w) = -w**2 - 7*w + 3. Let z be o(-6). Suppose -4*h + 53 = z. What is the tens digit of h?
1
Let f be (-1 - -5)*5/4. Let x be (f - (-6)/(-2)) + 8. Let b = 23 - x. What is the tens digit of b?
1
Let a(r) = r**3 + 8*r**2 - 2*r - 4. What is the units digit of a(-4)?
8
Let v be 0/(-1)*(0 + 1). Suppose v*u - 24 = -3*u. What is the units digit of u?
8
Let u(y) = 20*y - 3. Let x = -18 + 20. What is the units digit of u(x)?
7
Let n(i) = -i - 2. Let j be n(-7). Let f = -3 + 4. Suppose -f + j = t. What is the units digit of t?
4
Let d(p) = -6 - 3*p + 0*p**2 + 2*p**2 - 3 - 4*p. Let n be d(7). Suppose -3*f = -f - n. What is the tens digit of f?
2
Let b be (16/20)/((-4)/(-30)). Let t be 1/(2/b*1). Let p(w) = w**2 - 2*w + 1. What is the units digit of p(t)?
4
Let a = -2 + 1. What is the units digit of a + 6/1 + 1?
6
Suppose -11*i = -202 - 1382. What is the tens digit of i?
4
Let v(m) = 4*m + 6. Let w(b) = 3*b + 5. Let z(i) = 4*v(i) - 5*w(i). Let h be -1*(-2 + 0 + -3). What is the units digit of z(h)?
4
Suppose 4*i = i. Let l be i - (0 - 2) - -21. Let g = -5 + l. What is the tens digit of g?
1
Let k(f) = -f**2 - f. Let p be k(0). Suppose -t + 2 + p = 0. Suppose -16 = -t*s - 0*s. What is the units digit of s?
8
Suppose 0*l - l = -97. What is the units digit of l?
7
Let z(v) = -27*v. Let b be z(-1). Suppose 2*h + 6 = 0, -b = -3*l + 4*l + 5*h. What is the units digit of ((-18)/5)/(l/30)?
9
Let k be 1/(2 - (-5)/(-2)). What is the tens digit of (-7 + 6)*k*9?
1
Let r = 45 - 31. What is the units digit of r?
4
Let k = -69 - -106. Suppose -4*l + 7*t + k = 2*t, 3*l - 5*t = 24. What is the units digit of l?
3
Let y(c) = c - 12. Let m be y(14). Let a = 4 - 3. Let w = m + a. What is the units digit of w?
3
Let k(z) = -z**2 + 8*z - 11. What is the units digit of k(6)?
1
Let b be (-1 - (-10)/2) + -12. Let v(x) = x**2 + 2*x + 2. What is the tens digit of v(b)?
5
Let i(l) = -10*l + 7. Let s be i(5). Let r = -31 - s. What is the tens digit of r?
1
Suppose -3*x - 2*x = -10. What is the units digit of x/7 + 160/28?
6
What is the units digit of (200/12)/((-2)/(-6))?
0
Suppose 2*o - 11*o = -99. What is the tens digit of o?
1
Suppose a - 3*p = p + 143, 5*a + p = 736. What is the tens digit of a?
4
Let v be 7/2 - (-6)/(-4). Suppose v*c = 67 - 17. What is the tens digit of c?
2
Suppose 2*d = 3*n - 58, 0 = -n - d - 10 + 26. What is the units digit of n?
8
Let a be (0 - 2) + (2 - 0). Suppose -r = 4*o - 8, 0 = 5*r - 1 + 21. Let n = o - a. What is the units digit of n?
3
Let s(n) be the second derivative of -1/2*n**2 + 0 + 1/3*n**3 - 2*n. What is the units digit of s(1)?
1
Let i(m) = 3*m - 1. What is the units digit of i(3)?
8
Let o be (-2)/(-5) - (-2)/(-5). Suppose h + 2*h - 84 = o. What is the tens digit of h?
2
Let q be (-1 + 2/(-2))*-1. Let b(l) = 0*l - 2*l**2 + 3*l**2 + 6*l**3 + 1 - q*l. What is the units digit of b(1)?
6
What is the units digit of (12/10)/((-8)/(-220))?
3
Let f = 55 + -24. Suppose 0*k + 13 = s + 3*k, -3*s + 60 = 2*k. Suppose 0*g + 3*i + s = 4*g, -5*i = 3*g - f. What is the units digit of g?
7
Let r be (-2 - -5)*(0 - -1). Suppose -5*z + 61 = 2*g, -5*g - 3*z = -4*z - 139. Suppose -r*c + g = c. What is the units digit of c?
7
Suppose 2*c = -6 + 16. Suppose 2*x - v = 10, -c*x - v + 12 = 3*v. What is the units digit of x?
4
Let f = 0 + 0. Suppose f*j = -5*j + 25. Suppose 2 = j*i - 3. What is the units digit of i?
1
Suppose 7*n = 4*n + 822. What is the hundreds digit of n?
2
Suppose 0 = -2*s - s + 6. What is the units digit of s?
2
Suppose -3*z + 25 = 5*f, -4*f + z + 22 = 3*z. Let n(a) = -a**3 + 9*a**2 - 6*a - 11. Let d be n(f). Let y = 15 - d. What is the tens digit of y?
1
Suppose -2*p = -0*p - 164. Let m = -57 + p. What is the tens digit of m?
2
What is the tens digit of 204/3 - ((-2 - -3) + -1)?
6
Let t(j) = 2*j**3 - 3*j**2 + 2*j + 1. What is the units digit of t(2)?
9
Suppose 5*a - 12 = 18. What is the units digit of a?
6
Let u be ((-6)/8)/((-5)/40). Let g be (-12)/18 - (-16)/u. Suppose a + 9 = g*a. What is the units digit of a?
9
Let k be -8*(-1 - (-30)/(-8)). What is the tens digit of (k - -1)*(-3)/(-9)?
1
Let f = 6 - -55. Suppose 0 = -4*g - 2*c - 62, 5*g - c + f = 2*c. Let u = g - -29. What is the units digit of u?
5
Let n = 19 + -9. Let q = 19 + n. What is the units digit of q?
9
What is the units digit of 2*1/(6/39)?
3
Let d = 237 - -14. What is the units digit of d?
1
What is the tens digit of 670/7 + 6/21?
9
Let g(b) = -b**3 - 11*b**2 - 4*b - 9. What is the tens digit of g(-11)?
3
Let v(z) = 18*z**3 - 5*z**2 - 3*z + 1. Let s(n) = 53*n**3 - 14*n**2 - 8*n + 3. Let i(f) = -3*s(f) + 8*v(f). What is the tens digit of i(-1)?
1
Suppose 28*u = 26*u + 154. What is the tens digit of u?
7
Let k be (2 - (-91 - 0)) + -1. Suppose 5*o + 32 - k = 0. What is the tens digit of o?
1
Suppose 5*a - 241 = -81. What is the tens digit of a?
3
Let y be 0/((-6)/(-3)) - 0. Let p = y - 0. Let d = 8 + p. What is the units digit of d?
8
Let c be 12/(-15)*(-5)/2. Let a = c + -2. Suppose -4*x + 2*d + 20 = a, x + 4*x - 4*d = 28. What is the units digit of x?
4
Let d(f) = f**3 - f + 4. Let b = 1 + -1. Suppose -m - 4*m = b. What is the units digit of d(m)?
4
Let m(v) = 2*v**3 - 3*v - 4*v**2 + 2 - 4 + 1 + 2*v. What is the tens digit of m(3)?
1
Let b(z) = -z**2 - 4*z + 7. Let x be b(-8). Let o = x + 60. What is the tens digit of o?
3
Suppose 0 = -4*f + 20. Suppose 0 = -3*p + 40 + f. What is the units digit of p?
5
Let n be -12*4/(-6) - 2. What is the units digit of ((-9)/n)/((-1)/2)?
3
Suppose 10*w - 155 = 5*w. What is the tens digit of w?
3
Let s be (2 + 18/10)*5. Suppose 4*t + s = 79. What is the tens digit of t?
1
Let p = 1 + -1. Suppose p = -k - 0*k + 3. What is the units digit of k?
3
Let r(k) = -k**2 + 15*k + 5. Let t be r(16). Let w(i) = i**2 + 10*i - 4. What is the units digit of w(t)?
7
Let h(a) = 10*a - 3. Let k(t) = 5*t - 2. Let s(y) = 4*y**2 + y. Let l be s(-1). Let b(p) = l*h(p) - 5*k(p). What is the units digit of b(1)?
6
What is the tens digit of -906*1*13/(-39)?
0
Suppose -2*q + 1 = -3. Suppose 5*d = z + q*z - 18, 4*z + 2*d + 2 = 0. Suppose 4*i + o - 18 = -z, -7 = -3*i + 5*o. What is the units digit of i?
4
Suppose -3*h = -2*a + 113, -311 = -5*a - 2*h - 0*h. Let z = a - 28. Suppose 3*d = 18 + z. What is the units digit of d?
7
Let r = -78 - -53. Let g = -9 - r. What is the tens digit of g?
1
What is the tens digit of 2 + -3 - (3 + 0 + -238)?
3
Suppose 5*v + a + 38 = -7, -4*v + a - 27 = 0. Let h(j) = j + 17. What is the units digit of h(v)?
9
Let x(m) = 196*m - 4. Let l be x(2). What is the tens digit of l/14 + (-4)/(-14)?
2
Suppose -2*g - 28 = -2*n, -5*g + 13 = -3*n + 63. What is the units digit of (-2 - n)/(-7 - -6)?
2
Suppose -9 = q - 4. Let n(f) = -7*f + 1. What is the units digit of n(q)?
6
Suppose 2*n = -4*s - 26, -3*s + 5*n - 13 = -0*n. What is the units digit of -2 + (2 - (-2 + s))?
8
Let p(h) = -h**3 - 10*h**2 - 11*h + 8. Let r be p(-9). What is the units digit of (-12)/(-2 + 6) + r?
3
Let q = 31 + -8. What is the tens digit of q?
2
Let k(w) = 10*w + 3*w**2 - 2*w - 2*w**2 + 6. What is the units digit of k(-8)?
6
Let w = 4 - 21. Let c = -3 - w. What is the tens digit of c?
1
Suppose 3*q - 4*q - 3*f + 180 = 0, -540 = -3*q - 5*f. What is the hundreds digit of q?
1
Let n = -7 + 12. Suppose -3*v + 12 = n*z, -3*v - 3 = -z + 3. Suppose 0 = i - o - z, 0*o - 3*o + 26 = 2*i. What is the units digit of i?
7
Suppose 7*n - 55 = 2*n. Let p = 19 - n. What is the units digit of p?
8
Let x = 161 + -73. What is the units digit of x?
8
Let j = -15 - -10. Let c = -2 - j. Suppose 0 = a - c - 0. What is the units digit of a?
3
Suppose -1030 = -4*